{"id":68,"date":"2024-09-12T09:27:29","date_gmt":"2024-09-12T07:27:29","guid":{"rendered":"https:\/\/nolimit4life.com\/?page_id=68"},"modified":"2025-02-25T13:27:42","modified_gmt":"2025-02-25T12:27:42","slug":"nl4l","status":"publish","type":"page","link":"https:\/\/nolimit4life.com\/index.php\/nl4l\/","title":{"rendered":"L&#8217;association No Limit 4 Life"},"content":{"rendered":"\n<p><mark style=\"background-color:rgba(0, 0, 0, 0)\" class=\"has-inline-color has-luminous-vivid-orange-color\">No Limit 4 Life<\/mark> est une association cr\u00e9\u00e9e le 14.04.2024, d\u00e9clar\u00e9e sous le r\u00e9gime de la loi du 1<sup>er<\/sup> juillet 1901.<\/p>\n\n\n\n<p>Elle se consacre \u00e0 la <mark style=\"background-color:rgba(0, 0, 0, 0)\" class=\"has-inline-color has-luminous-vivid-orange-color\">promotion du sport automobile<\/mark>.<\/p>\n\n\n\n<p>Elle organise des \u00e9v\u00e9nements pour tous les \u00e2ges et int\u00e8gre les personnes en <mark style=\"background-color:rgba(0, 0, 0, 0)\" class=\"has-inline-color has-luminous-vivid-orange-color\">situation de handicap<\/mark>, offrant des exp\u00e9riences de karting adapt\u00e9es.<\/p>\n\n\n\n<p>Sa mission inclut \u00e0 la fois la comp\u00e9tition et des activit\u00e9s de loisir, visant \u00e0 rendre ce sport <mark style=\"background-color:rgba(0, 0, 0, 0)\" class=\"has-inline-color has-luminous-vivid-orange-color\">accessible \u00e0 tous<\/mark>.<\/p>\n\n\n\n<h1 class=\"wp-block-heading\"><mark style=\"background-color:rgba(0, 0, 0, 0)\" class=\"has-inline-color has-luminous-vivid-orange-color\">Qui dit sport dit comp\u00e9tition<\/mark><\/h1>\n\n\n\n<p>Nous sommes r\u00e9guli\u00e8rement sur les lignes de d\u00e9parts de diverses <mark style=\"background-color:rgba(0, 0, 0, 0)\" class=\"has-inline-color has-luminous-vivid-orange-color\">courses de karting<\/mark>, en format endurance ou sprint.<\/p>\n\n\n\n<p>Nous sommes \u00e9galement pr\u00e9sents dans les stands sur les circuits de <mark style=\"background-color:rgba(0, 0, 0, 0)\" class=\"has-inline-color has-luminous-vivid-orange-color\">Fun Cup<\/mark> comme Spa Francorchamps, Magny-Cours, Mettet, \u2026 et, quand l\u2019occasion se pr\u00e9sente, nous prenons place \u00e0 bord de ces voitures.<\/p>\n\n\n\n<h1 class=\"wp-block-heading\"><mark style=\"background-color:rgba(0, 0, 0, 0)\" class=\"has-inline-color has-luminous-vivid-orange-color\">Nos partenaires et notre vision pour l\u2019avenir<\/mark><\/h1>\n\n\n\n<p>L\u2019association est jeune (2024), mais moins ses dirigeants qui connaissent d\u00e9j\u00e0 ce milieu depuis \u2026<\/p>\n\n\n\n<p>De ce fait, nous avons d\u00e9j\u00e0 nou\u00e9 des <mark style=\"background-color:rgba(0, 0, 0, 0)\" class=\"has-inline-color has-luminous-vivid-orange-color\">partenariats <\/mark>avec deux <mark style=\"background-color:rgba(0, 0, 0, 0)\" class=\"has-inline-color has-luminous-vivid-orange-color\">pistes de karting<\/mark>, Ostricourt et Valenciennes, qui partagent notre vision d&#8217;un sport automobile plus inclusif.<\/p>\n\n\n\n<p>Nous sommes \u00e9galement accompagn\u00e9s par une <mark style=\"background-color:rgba(0, 0, 0, 0)\" class=\"has-inline-color has-luminous-vivid-orange-color\">\u00e9curie de Fun Cup<\/mark>, <mark style=\"background-color:rgba(0, 0, 0, 0)\" class=\"has-inline-color has-luminous-vivid-orange-color\">M3M<\/mark>, avec qui nous esp\u00e9rons pouvoir r\u00e9aliser un de nos projets les plus ambitieux : emmener des personnes handicap\u00e9es sur la piste des 25 Heures de Spa Francorchamps Fun Cup.<\/p>\n\n\n\n<h1 class=\"wp-block-heading\"><mark style=\"background-color:rgba(0, 0, 0, 0)\" class=\"has-inline-color has-luminous-vivid-orange-color\">Des exp\u00e9riences uniques pour tous<\/mark><\/h1>\n\n\n\n<p>Nous organisons r\u00e9guli\u00e8rement des <mark style=\"background-color:rgba(0, 0, 0, 0)\" class=\"has-inline-color has-luminous-vivid-orange-color\">\u00e9v\u00e9nements adapt\u00e9s<\/mark> aux besoins de nos participants.<\/p>\n\n\n\n<ul class=\"wp-block-list\">\n<li>Des <mark style=\"background-color:rgba(0, 0, 0, 0)\" class=\"has-inline-color has-luminous-vivid-orange-color\">comp\u00e9titions amicales<\/mark> telles que des courses sprint de 15 minutes<\/li>\n\n\n\n<li>Des <mark style=\"background-color:rgba(0, 0, 0, 0)\" class=\"has-inline-color has-luminous-vivid-orange-color\">Grands Prix<\/mark> (3 x 15 minutes)<\/li>\n\n\n\n<li>Des <mark style=\"background-color:rgba(0, 0, 0, 0)\" class=\"has-inline-color has-luminous-vivid-orange-color\">courses d&#8217;endurance<\/mark> de 4, 6 et 8 heures, permettant \u00e0 chacun de ressentir l&#8217;intensit\u00e9 d&#8217;une v\u00e9ritable comp\u00e9tition<\/li>\n\n\n\n<li>Des <mark style=\"background-color:rgba(0, 0, 0, 0)\" class=\"has-inline-color has-luminous-vivid-orange-color\">bapt\u00eames de pistes<\/mark><\/li>\n\n\n\n<li>Un encadrement <mark style=\"background-color:rgba(0, 0, 0, 0)\" class=\"has-inline-color has-luminous-vivid-orange-color\">handikart<\/mark><\/li>\n<\/ul>\n\n\n\n<p><\/p>\n\n\n\n<p><mark style=\"background-color:rgba(0, 0, 0, 0)\" class=\"has-inline-color has-luminous-vivid-orange-color\">No Limit 4 Life<\/mark> n\u2019est pas seulement une association !<\/p>\n\n\n\n<p>C\u2019est une <mark style=\"background-color:rgba(0, 0, 0, 0)\" class=\"has-inline-color has-luminous-vivid-orange-color\">communaut\u00e9 <\/mark>d\u00e9di\u00e9e \u00e0 l&#8217;<mark style=\"background-color:rgba(0, 0, 0, 0)\" class=\"has-inline-color has-luminous-vivid-orange-color\">inclusion<\/mark> o\u00f9 chaque \u00e9v\u00e9nement est une opportunit\u00e9 de <mark style=\"background-color:rgba(0, 0, 0, 0)\" class=\"has-inline-color has-luminous-vivid-orange-color\">partager <\/mark>des moments inoubliables.<\/p>\n\n\n\n<p>L\u2019engouement et les messages v\u00e9hicul\u00e9s par les Jeux Olympiques et Paralympiques Paris 2024 nous en donnent le parfait exemple.<\/p>\n\n\n\n<p><\/p>\n\n\n\n<figure class=\"wp-block-pullquote\"><blockquote><p><mark style=\"background-color:rgba(0, 0, 0, 0)\" class=\"has-inline-color has-luminous-vivid-orange-color\">Ensemble, brisons les limites pour que le sport automobile soit un plaisir partag\u00e9 par tous.<\/mark><br><mark style=\"background-color:rgba(0, 0, 0, 0)\" class=\"has-inline-color has-luminous-vivid-orange-color\">Ensemble, acc\u00e9l\u00e9rons vers l&#8217;excellence et construisons un avenir radieux pour ceux qui en ont le plus besoin.<\/mark><\/p><cite>No Limit 4 Life<\/cite><\/blockquote><\/figure>\n\n\n\n<div class=\"wp-block-brad-border-box\">\t\t\t<iframe\n\t\t\t\tid=\"idIframe\"\n\t\t\t\tsrc=\"https:\/\/www.helloasso.com\/associations\/no-limit-4-life\/adhesions\/adhesion-2025\/widget-vignette\"\n\t\t\t\theight=450px\"\t\t\t\twidth=350px\"\t\t\t\tframeborder=\"0\"\n\t\t\t\tloading=\"lazy\"\n\t\t\t\tallowtransparency=\"true\"\n\t\t\t\tonload=\"resizeIframeMessage()\"><\/iframe>\n<\/div>\n\n\n\n<p><\/p>\n","protected":false},"excerpt":{"rendered":"<p>No Limit 4 Life est une association cr\u00e9\u00e9e le 14.04.2024, d\u00e9clar\u00e9e sous le r\u00e9gime de la loi du 1er juillet 1901. Elle se consacre \u00e0 la promotion du sport automobile. Elle organise des \u00e9v\u00e9nements pour tous les \u00e2ges et int\u00e8gre les personnes en situation de handicap, offrant des exp\u00e9riences de karting adapt\u00e9es. Sa mission inclut &hellip; <\/p>\n<p class=\"link-more\"><a href=\"https:\/\/nolimit4life.com\/index.php\/nl4l\/\" class=\"more-link\">Continuer la lecture<span class=\"screen-reader-text\"> de &laquo;&nbsp;L&#8217;association No Limit 4 Life&nbsp;&raquo;<\/span><\/a><\/p>\n","protected":false},"author":1,"featured_media":238,"parent":0,"menu_order":0,"comment_status":"closed","ping_status":"closed","template":"","meta":{"footnotes":""},"class_list":["post-68","page","type-page","status-publish","has-post-thumbnail","hentry"],"_links":{"self":[{"href":"https:\/\/nolimit4life.com\/index.php\/wp-json\/wp\/v2\/pages\/68","targetHints":{"allow":["GET"]}}],"collection":[{"href":"https:\/\/nolimit4life.com\/index.php\/wp-json\/wp\/v2\/pages"}],"about":[{"href":"https:\/\/nolimit4life.com\/index.php\/wp-json\/wp\/v2\/types\/page"}],"author":[{"embeddable":true,"href":"https:\/\/nolimit4life.com\/index.php\/wp-json\/wp\/v2\/users\/1"}],"replies":[{"embeddable":true,"href":"https:\/\/nolimit4life.com\/index.php\/wp-json\/wp\/v2\/comments?post=68"}],"version-history":[{"count":11,"href":"https:\/\/nolimit4life.com\/index.php\/wp-json\/wp\/v2\/pages\/68\/revisions"}],"predecessor-version":[{"id":438,"href":"https:\/\/nolimit4life.com\/index.php\/wp-json\/wp\/v2\/pages\/68\/revisions\/438"}],"wp:featuredmedia":[{"embeddable":true,"href":"https:\/\/nolimit4life.com\/index.php\/wp-json\/wp\/v2\/media\/238"}],"wp:attachment":[{"href":"https:\/\/nolimit4life.com\/index.php\/wp-json\/wp\/v2\/media?parent=68"}],"curies":[{"name":"wp","href":"https:\/\/api.w.org\/{rel}","templated":true}]}}