{"id":190,"date":"2024-09-13T20:19:22","date_gmt":"2024-09-13T18:19:22","guid":{"rendered":"https:\/\/nolimit4life.com\/?page_id=190"},"modified":"2024-09-16T11:40:42","modified_gmt":"2024-09-16T09:40:42","slug":"projet-karting-3-laissez-moi-rouler","status":"publish","type":"page","link":"https:\/\/nolimit4life.com\/index.php\/projet-karting-3-laissez-moi-rouler\/","title":{"rendered":"Projet karting 3 : Laissez-moi rouler !"},"content":{"rendered":"\n<h1 class=\"wp-block-heading\"><mark style=\"background-color:rgba(0, 0, 0, 0)\" class=\"has-inline-color has-luminous-vivid-orange-color\">Pr\u00e9sentation<\/mark><\/h1>\n\n\n\n<p>Le handikart est une activit\u00e9 sportive con\u00e7ue pour les personnes en situation de handicap, permettant de pratiquer la conduite d&#8217;un kart adapt\u00e9.<\/p>\n\n\n\n<p>Ces karts sont sp\u00e9cialement con\u00e7us pour offrir une accessibilit\u00e9 maximale, avec des caract\u00e9ristiques telles que des commandes modifi\u00e9es pour r\u00e9pondre aux besoins individuels des conducteurs (par ex : acc\u00e9l\u00e9rateur et frein au volant).<\/p>\n\n\n<div class=\"wp-block-image\">\n<figure class=\"aligncenter size-large is-resized\"><img fetchpriority=\"high\" decoding=\"async\" width=\"2560\" height=\"2560\" src=\"https:\/\/nolimit4life.com\/wp-content\/uploads\/2024\/09\/Karting-p3b-edited-scaled.webp\" alt=\"\" class=\"wp-image-194\" style=\"width:497px;height:auto\" srcset=\"https:\/\/nolimit4life.com\/wp-content\/uploads\/2024\/09\/Karting-p3b-edited-scaled.webp 2560w, https:\/\/nolimit4life.com\/wp-content\/uploads\/2024\/09\/Karting-p3b-edited-300x300.webp 300w, https:\/\/nolimit4life.com\/wp-content\/uploads\/2024\/09\/Karting-p3b-edited-1024x1024.webp 1024w, https:\/\/nolimit4life.com\/wp-content\/uploads\/2024\/09\/Karting-p3b-edited-150x150.webp 150w, https:\/\/nolimit4life.com\/wp-content\/uploads\/2024\/09\/Karting-p3b-edited-768x768.webp 768w, https:\/\/nolimit4life.com\/wp-content\/uploads\/2024\/09\/Karting-p3b-edited-1536x1536.webp 1536w, https:\/\/nolimit4life.com\/wp-content\/uploads\/2024\/09\/Karting-p3b-edited-2048x2048.webp 2048w, https:\/\/nolimit4life.com\/wp-content\/uploads\/2024\/09\/Karting-p3b-edited-100x100.webp 100w\" sizes=\"(max-width: 767px) 89vw, (max-width: 1000px) 54vw, (max-width: 1071px) 543px, 580px\" \/><\/figure>\n<\/div>\n\n\n<p>Le handikart peut \u00e9galement avoir des b\u00e9n\u00e9fices th\u00e9rapeutiques et psychosociaux, en favorisant la confiance en soi et la socialisation des participants.<\/p>\n\n\n\n<p class=\"has-text-align-center\"><mark style=\"background-color:rgba(0, 0, 0, 0)\" class=\"has-inline-color has-luminous-vivid-orange-color\"><strong>La passion est plus forte que le handicap !<\/strong><\/mark><\/p>\n\n\n\n<h2 class=\"wp-block-heading\"><mark style=\"background-color:rgba(0, 0, 0, 0)\" class=\"has-inline-color has-luminous-vivid-orange-color\">A qui s\u2019adresse cette prestation ?<\/mark><\/h2>\n\n\n\n<p>Nos partenaires nous mettent \u00e0 disposition des karts pour<\/p>\n\n\n\n<ul class=\"wp-block-list\">\n<li>Les personnes amput\u00e9es d\u2019un membre inf\u00e9rieur<\/li>\n\n\n\n<li>Les parapl\u00e9giques<\/li>\n<\/ul>\n\n\n\n<p>(Nous prospectons aussi des partenaires disposant de karts adapt\u00e9s pour les t\u00e9trapl\u00e9giques)<\/p>\n\n\n\n<h2 class=\"wp-block-heading\"><mark style=\"background-color:rgba(0, 0, 0, 0)\" class=\"has-inline-color has-luminous-vivid-orange-color\">Notre prestation<\/mark><\/h2>\n\n\n\n<ul class=\"wp-block-list\">\n<li>Pr\u00e9sentation du kart et installation<\/li>\n\n\n\n<li>Pr\u00e9sentation de la piste et des consignes<\/li>\n\n\n\n<li>Accompagnement pendant tout le roulage<\/li>\n\n\n\n<li>Instructions et conseils de pilotage<\/li>\n<\/ul>\n\n\n\n<h1 class=\"wp-block-heading\"><mark style=\"background-color:rgba(0, 0, 0, 0)\" class=\"has-inline-color has-luminous-vivid-orange-color\">Cela vous int\u00e9resse ?<\/mark><\/h1>\n\n\n\n<div class=\"wp-block-brad-border-box\">\t\t\t<iframe\n\t\t\t\tid=\"idIframe\"\n\t\t\t\tsrc=\"https:\/\/www.helloasso.com\/associations\/no-limit-4-life\/evenements\/karting-handikart\/widget\"\n\t\t\t\theight=1000px\"\t\t\t\twidth=100%\"\t\t\t\tframeborder=\"0\"\n\t\t\t\tloading=\"lazy\"\n\t\t\t\tallowtransparency=\"true\"\n\t\t\t\tonload=\"resizeIframeMessage()\"><\/iframe>\n<\/div>\n\n\n<div class=\"wp-block-image\">\n<figure class=\"aligncenter size-large is-resized\"><a href=\"https:\/\/www.helloasso.com\/associations\/no-limit-4-life\" target=\"_blank\" rel=\"noreferrer noopener\"><img decoding=\"async\" width=\"1024\" height=\"223\" src=\"http:\/\/nolimit4life.com\/wp-content\/uploads\/2024\/09\/Logo-HelloAsso-1024x223.webp\" alt=\"\" class=\"wp-image-196\" style=\"width:257px;height:auto\" srcset=\"https:\/\/nolimit4life.com\/wp-content\/uploads\/2024\/09\/Logo-HelloAsso-1024x223.webp 1024w, https:\/\/nolimit4life.com\/wp-content\/uploads\/2024\/09\/Logo-HelloAsso-300x65.webp 300w, https:\/\/nolimit4life.com\/wp-content\/uploads\/2024\/09\/Logo-HelloAsso-768x167.webp 768w, https:\/\/nolimit4life.com\/wp-content\/uploads\/2024\/09\/Logo-HelloAsso-1536x334.webp 1536w, https:\/\/nolimit4life.com\/wp-content\/uploads\/2024\/09\/Logo-HelloAsso-2048x446.webp 2048w\" sizes=\"(max-width: 767px) 89vw, (max-width: 1000px) 54vw, (max-width: 1071px) 543px, 580px\" \/><\/a><figcaption class=\"wp-element-caption\">Retrouvez nous sur HelloAsso<\/figcaption><\/figure>\n<\/div>\n\n\n<p><\/p>\n","protected":false},"excerpt":{"rendered":"<p>Pr\u00e9sentation Le handikart est une activit\u00e9 sportive con\u00e7ue pour les personnes en situation de handicap, permettant de pratiquer la conduite d&#8217;un kart adapt\u00e9. Ces karts sont sp\u00e9cialement con\u00e7us pour offrir une accessibilit\u00e9 maximale, avec des caract\u00e9ristiques telles que des commandes modifi\u00e9es pour r\u00e9pondre aux besoins individuels des conducteurs (par ex : acc\u00e9l\u00e9rateur et frein au &hellip; <\/p>\n<p class=\"link-more\"><a href=\"https:\/\/nolimit4life.com\/index.php\/projet-karting-3-laissez-moi-rouler\/\" class=\"more-link\">Continuer la lecture<span class=\"screen-reader-text\"> de &laquo;&nbsp;Projet karting 3 : Laissez-moi rouler !&nbsp;&raquo;<\/span><\/a><\/p>\n","protected":false},"author":1,"featured_media":0,"parent":0,"menu_order":0,"comment_status":"closed","ping_status":"closed","template":"","meta":{"footnotes":""},"class_list":["post-190","page","type-page","status-publish","hentry"],"_links":{"self":[{"href":"https:\/\/nolimit4life.com\/index.php\/wp-json\/wp\/v2\/pages\/190","targetHints":{"allow":["GET"]}}],"collection":[{"href":"https:\/\/nolimit4life.com\/index.php\/wp-json\/wp\/v2\/pages"}],"about":[{"href":"https:\/\/nolimit4life.com\/index.php\/wp-json\/wp\/v2\/types\/page"}],"author":[{"embeddable":true,"href":"https:\/\/nolimit4life.com\/index.php\/wp-json\/wp\/v2\/users\/1"}],"replies":[{"embeddable":true,"href":"https:\/\/nolimit4life.com\/index.php\/wp-json\/wp\/v2\/comments?post=190"}],"version-history":[{"count":12,"href":"https:\/\/nolimit4life.com\/index.php\/wp-json\/wp\/v2\/pages\/190\/revisions"}],"predecessor-version":[{"id":367,"href":"https:\/\/nolimit4life.com\/index.php\/wp-json\/wp\/v2\/pages\/190\/revisions\/367"}],"wp:attachment":[{"href":"https:\/\/nolimit4life.com\/index.php\/wp-json\/wp\/v2\/media?parent=190"}],"curies":[{"name":"wp","href":"https:\/\/api.w.org\/{rel}","templated":true}]}}